at is the greatest common divisor of 12 and x?
12
Suppose 5*t + 2*j - j - 65 = 0, 2*j = 3*t - 39. Let w = -17 + 17. Let x be t - w/(-2*1). Calculate the greatest common divisor of x and 26.
13
Let s(k) = 2*k**2 - 9*k + 12. Let q be s(8). What is the highest common factor of q and 170?
34
Let r = 1575 - 1115. Suppose 4*z + 5*l = r, 4*l - 314 - 32 = -3*z. Let u(b) = 4*b**2 + 2*b - 2. Let v be u(-2). Calculate the greatest common factor of z and v.
10
Let x be 15/30 + (-6)/(-4). Suppose -2*b - 82 = -3*c, -c = b + x*b - 9. Suppose 0 = p - 0*p - 8. Calculate the highest common divisor of c and p.
8
Suppose -28 - 4 = -2*z. Calculate the greatest common factor of 40 and z.
8
Suppose -2*v = 52 - 160. Suppose 2*m + 15 = 7*m. Let k = m + 3. What is the greatest common divisor of v and k?
6
Suppose 3*q - 62 = 1. Suppose 15 = 3*n, -q + 546 = 5*u + n. Suppose 5*h = -3*i + 54, -2*i + 25 = -2*h + 5. Calculate the highest common divisor of i and u.
13
Suppose 0*p = -p + 4. Suppose -j - p*j = -100. What is the highest common factor of 5 and j?
5
Let s be -2 - (3 - (10 - -3)). Calculate the greatest common divisor of 4 and s.
4
Suppose 119 = 5*y - 266. Let v be 22*(10/4 - 2). What is the greatest common divisor of v and y?
11
Suppose 0 = 4*o + o - 30. Let z = o - 4. Calculate the highest common divisor of 1 and z.
1
Let t be (28/(-5))/(4/(-10)). Suppose -h - 70 = -5*z, -z - 2*h - h = -t. Let l be -7*2/(-4)*2. Calculate the highest common factor of z and l.
7
Let i(d) = -d**3 - 3*d**2 - 3*d - 4. Let t be i(-3). Suppose -t*y + 6*y = 26. Calculate the highest common divisor of y and 78.
26
Suppose 4*i = i + 3*j, -5*i + 2*j + 15 = 0. Suppose 0 = 2*o - 4*o - 8. Let c be o/12 - 16/(-3). What is the highest common factor of c and i?
5
Let o be (0 + -3)*(186/(-9))/2. Calculate the highest common factor of 155 and o.
31
Let b(k) = -k**3 - 3*k**2 + 6*k - 5. Let h = -9 - -4. Let l be b(h). Suppose 2*q = -q + 30. What is the highest common factor of q and l?
5
Let q(s) = -s**3 - s**2 + s + 1. Let l be q(-2). What is the highest common divisor of l and 9?
3
Let v = 72 + -9. Let g = 37 - 16. What is the highest common factor of v and g?
21
Let j(o) = 12*o**2 - 3*o + 1. Let t be j(3). What is the greatest common factor of 40 and t?
20
Let w be 16/(1 - -3) + 30. Let p = w - -31. What is the greatest common factor of p and 26?
13
Let d(w) = -17*w + 1. Let y be d(5). Let f(t) = t**3 + 4*t**2 - 5. Let z be f(4). Let g = y + z. Calculate the greatest common factor of g and 13.
13
Let q = -39 - -72. Let b be (-3 - -2) + q/1. What is the highest common divisor of b and 4?
4
Suppose 0 = y + y - 20. What is the greatest common factor of 70 and y?
10
Let w(u) = -4*u - 5. Let x be w(-4). Let k = 1 + 1. Let j be (k + -1)/(-1 + 2). What is the greatest common factor of x and j?
1
Let j be (-10)/(-4)*(-264)/(-30). Suppose -2*z + 20 = -j. Calculate the highest common divisor of z and 147.
21
Suppose 5*s + 0*s - 990 = 0. Let o be 268/15 - (-10)/75. Calculate the greatest common factor of o and s.
18
Let i(y) = -2*y**3 + y**2 + y. Let l be i(-1). Suppose -l*d = -4*d + 96. Calculate the highest common divisor of d and 16.
16
Let p be (-48)/20*(-110)/4. Let d(c) = -c**2 - 6*c - 3. Let z be d(-3). What is the greatest common divisor of z and p?
6
Let l = 35 - -47. Let r = l + -27. Calculate the greatest common factor of 11 and r.
11
Let h = -440 + 664. Suppose h = 3*i + 44. Let m = -19 - -31. What is the greatest common factor of i and m?
12
Suppose -467 - 237 = -4*v. Suppose 3*d = 7*d - v. Suppose g + 4*g = 5*u - 70, -g - d = -4*u. What is the greatest common divisor of u and 40?
10
Let q(y) = y**3 + 5*y**2 + y - 4. Let f be q(-3). Let t = f + -7. Suppose -2*s - 14 = -u, 2*u = s - t*s + 35. What is the greatest common factor of u and 160?
16
Suppose -180 = -4*q - 4*w, 6*w - 3*w - 51 = -q. Calculate the highest common factor of 14 and q.
14
Let a(i) = i**2 - 13*i - 9. Let x be a(14). Let k be (-10)/x + 96/2. Calculate the highest common divisor of k and 23.
23
Suppose 0 = 9*r - 6*r - 198. What is the greatest common divisor of r and 22?
22
Suppose 4 = -c, 3*j + 6 = -4*c + 17. Suppose 18*l = 7*l + 990. Calculate the highest common factor of l and j.
9
Let q = 50 - 17. Let p be 1*(-2 + 1)*-11. Calculate the greatest common factor of p and q.
11
Let o(l) = 37*l**2 + l. Let c be o(-1). Let a be 2/(-9) - 812/(-9). What is the greatest common divisor of a and c?
18
Let a be (-388)/(-10) - 12/(-60). Calculate the greatest common divisor of a and 52.
13
Let c(f) = -4*f - 9. Let g be 3/(45/6)*-15. Let k be c(g). What is the highest common factor of 3 and k?
3
Let c be 103/7 - (-2)/7. Let x be (2/3 - 0)*90. What is the greatest common factor of c and x?
15
Let m(n) = 3*n**3 - 3*n**2 + 7*n - 2. Let t be m(6). Let r be t/16 + 1/(-4). What is the highest common divisor of r and 12?
12
Suppose -4*b - 2*t = -98, t - 43 - 50 = -4*b. Calculate the greatest common divisor of b and 33.
11
Suppose m = -3*o + 96, -5*o = 2*m + 3*m - 160. What is the highest common factor of o and 24?
8
Let o = -41 + 42. What is the greatest common factor of 3 and o?
1
Let m = 175 - -14. What is the greatest common factor of m and 9?
9
Let v = -25 - -44. Calculate the greatest common divisor of 133 and v.
19
Let u = 27 + -18. Let k be (-3)/9*-6*3. What is the highest common factor of u and k?
3
Suppose 3*m = -4*h - 0 + 16, -4*m = 0. Let a(c) = c - 13. Let q be a(6). Let p = 11 + q. Calculate the greatest common divisor of h and p.
4
Let j(s) = s + 17. Let k be j(-7). What is the greatest common factor of k and 5?
5
Let s(l) = -21*l - 1. Let m be s(-1). Calculate the highest common divisor of m and 5.
5
Let t be ((-16)/4)/(1/(-2)). What is the highest common divisor of 12 and t?
4
Let h be 6*1*11/((-33)/(-18)). Calculate the greatest common divisor of h and 24.
12
Suppose 0 = 6*x - 11*x + 660. Calculate the greatest common divisor of x and 12.
12
Let l(x) = 8*x**2 - 6*x. Let h be l(-3). Calculate the greatest common factor of h and 9.
9
Let a(s) = 3*s - 3. Let i(m) = -m**2 - 5*m + 2. Let v be i(-5). Let g be a(v). Suppose 0 = g*l - 0 - 36. What is the greatest common factor of l and 132?
12
Let j = 7 + -2. Suppose -x + 2 = 8*i - 3*i, 5*x - 50 = -j*i. Suppose 16 = -7*y + 11*y. Calculate the highest common factor of y and x.
4
Suppose 0 = 5*m + 2*c - 122, -2*m + 2*c + 66 = 20. What is the greatest common divisor of m and 8?
8
Let l = -1 - -17. Let k be (-24)/(1*(-4 - -3)). What is the highest common divisor of k and l?
8
Suppose 0 = 3*o - 26 - 31. Suppose 2*t = -2*b + b + o, -t + 12 = -2*b. What is the greatest common factor of 30 and t?
10
Suppose -8*a = -9*a. Suppose 5*s - 2*d - 128 = a, s + 5*d + 92 = 4*s. What is the highest common divisor of s and 3?
3
Let m = 27 + -15. Let c be (m/9)/(4/6). What is the highest common factor of c and 22?
2
Let g = 5 - 2. Suppose -g = -j + 2. Let r = j - -2. Calculate the highest common factor of 63 and r.
7
Let h be 3 + 0/(-2) + 89 + -1. Calculate the greatest common divisor of h and 13.
13
Suppose -8*c = -4*c - 64. Suppose -9 = -5*w + c. Suppose w*m - 287 - 813 = 0. What is the greatest common divisor of 20 and m?
20
Suppose -6*y + 378 = -3*y. Suppose -2*q + 198 = -y. Calculate the greatest common divisor of 18 and q.
18
Suppose 0*y = -2*y + 6. Let j be y/(9/12) + -1. Suppose j*l + l - 56 = 0. Calculate the highest common divisor of 7 and l.
7
Let t(n) = -n**3 - n**2 - n + 1. Let c be t(-2). Let a be (c/(-3))/(1/12). Let v = a - -43. What is the highest common divisor of 120 and v?
15
Let t = -65 - -139. Let d = 329 - 185. Let n = d - t. What is the greatest common divisor of 7 and n?
7
Let c(u) = 6*u**2 + u. Let g be c(-1). Suppose -20 = -g*r + 40. Suppose -r = -4*b + 20. Calculate the greatest common factor of b and 88.
8
Let v(t) = -91*t**3 - t**2. Let x be v(-1). Let r(l) = -28*l. Let d be r(-3). Let o = -48 + d. What is the greatest common factor of x and o?
18
Let j be (-3 + 4)*(6 - 1). Let u be (2 - -1)/(-1) + j. Calculate the greatest common factor of u and 3.
1
Let g be 3 + 7*8/28*9. What is the greatest common divisor of 3 and g?
3
Let o(j) = -33*j. Let p be o(-2). Calculate the highest common factor of p and 6.
6
Let u(l) = -6*l - 14. Let d be u(-4). Calculate the greatest common fa